ns digit of 1991?
9
What is the units digit of 14960?
0
What is the thousands digit of 6721?
6
What is the units digit of 1340?
0
What is the hundreds digit of 86432?
4
What is the tens digit of 7263?
6
What is the units digit of 4360?
0
What is the thousands digit of 2885?
2
What is the thousands digit of 2585?
2
What is the tens digit of 2999?
9
What is the hundreds digit of 9200?
2
What is the units digit of 2253?
3
What is the tens digit of 177?
7
What is the hundreds digit of 4555?
5
What is the tens digit of 3167?
6
What is the thousands digit of 27271?
7
What is the hundreds digit of 2162?
1
What is the tens digit of 1205?
0
What is the thousands digit of 2693?
2
What is the units digit of 89555?
5
What is the tens digit of 41593?
9
What is the tens digit of 580?
8
What is the tens digit of 3346?
4
What is the tens digit of 20658?
5
What is the units digit of 10?
0
What is the units digit of 8325?
5
What is the thousands digit of 4129?
4
What is the tens digit of 60886?
8
What is the tens digit of 27737?
3
What is the tens digit of 10207?
0
What is the hundreds digit of 2207?
2
What is the tens digit of 6586?
8
What is the hundred thousands digit of 153404?
1
What is the thousands digit of 8932?
8
What is the tens digit of 127?
2
What is the ten thousands digit of 79213?
7
What is the tens digit of 51356?
5
What is the thousands digit of 26635?
6
What is the units digit of 608?
8
What is the tens digit of 6531?
3
What is the hundreds digit of 13654?
6
What is the thousands digit of 13973?
3
What is the tens digit of 104875?
7
What is the ten thousands digit of 16168?
1
What is the hundreds digit of 47241?
2
What is the units digit of 712?
2
What is the tens digit of 7179?
7
What is the tens digit of 18438?
3
What is the tens digit of 12650?
5
What is the tens digit of 112609?
0
What is the tens digit of 22400?
0
What is the hundreds digit of 6744?
7
What is the units digit of 29587?
7
What is the thousands digit of 11040?
1
What is the ten thousands digit of 14009?
1
What is the tens digit of 5346?
4
What is the hundreds digit of 7337?
3
What is the hundreds digit of 34644?
6
What is the hundreds digit of 62698?
6
What is the units digit of 2049?
9
What is the thousands digit of 2340?
2
What is the hundreds digit of 1360?
3
What is the units digit of 2542?
2
What is the units digit of 41266?
6
What is the tens digit of 5169?
6
What is the tens digit of 4582?
8
What is the ten thousands digit of 13951?
1
What is the ten thousands digit of 123703?
2
What is the hundreds digit of 8349?
3
What is the hundreds digit of 979?
9
What is the thousands digit of 44023?
4
What is the thousands digit of 7772?
7
What is the hundreds digit of 4466?
4
What is the tens digit of 934?
3
What is the hundreds digit of 7475?
4
What is the ten thousands digit of 16408?
1
What is the hundreds digit of 10037?
0
What is the hundreds digit of 2216?
2
What is the units digit of 672?
2
What is the tens digit of 2911?
1
What is the units digit of 5764?
4
What is the units digit of 2125?
5
What is the hundreds digit of 1146?
1
What is the hundreds digit of 51314?
3
What is the units digit of 46813?
3
What is the ten thousands digit of 91812?
9
What is the units digit of 10637?
7
What is the units digit of 9260?
0
What is the tens digit of 2160?
6
What is the units digit of 2277?
7
What is the tens digit of 5409?
0
What is the tens digit of 889?
8
What is the thousands digit of 4579?
4
What is the thousands digit of 2938?
2
What is the ten thousands digit of 18648?
1
What is the ten thousands digit of 11993?
1
What is the hundreds digit of 12910?
9
What is the tens digit of 458?
5
What is the tens digit of 20529?
2
What is the ten thousands digit of 125021?
2
What is the thousands digit of 93137?
3
What is the units digit of 1689?
9
What is the hundreds digit of 13160?
1
What is the units digit of 29977?
7
What is the units digit of 685?
5
What is the hundreds digit of 7087?
0
What is the tens digit of 3267?
6
What is the thousands digit of 1125?
1
What is the thousands digit of 2832?
2
What is the hundreds digit of 1021?
0
What is the tens digit of 902?
0
What is the thousands digit of 2862?
2
What is the tens digit of 2218?
1
What is the units digit of 428?
8
What is the hundreds digit of 4512?
5
What is the units digit of 1748?
8
What is the units digit of 1226?
6
What is the tens digit of 3867?
6
What is the tens digit of 16?
1
What is the units digit of 8769?
9
What is the tens digit of 26305?
0
What is the thousands digit of 4440?
4
What is the tens digit of 978?
7
What is the units digit of 5597?
7
What is the hundreds digit of 41935?
9
What is the tens digit of 9970?
7
What is the ten thousands digit of 84757?
8
What is the ten thousands digit of 29588?
2
What is the tens digit of 5477?
7
What is the hundreds digit of 24657?
6
What is the thousands digit of 15365?
5
What is the hundreds digit of 872?
8
What is the thousands digit of 8771?
8
What is the units digit of 356?
6
What is the thousands digit of 4678?
4
What is the units digit of 354?
4
What is the hundreds digit of 44607?
6
What is the tens digit of 26139?
3
What is the hundreds digit of 2837?
8
What is the thousands digit of 29027?
9
What is the hundreds digit of 5192?
1
What is the thousands digit of 9787?
9
What is the thousands digit of 65190?
5
What is the units digit of 818?
8
What is the tens digit of 789?
8
What is the units digit of 693?
3
What is the units digit of 19031?
1
What is the hundreds digit of 12410?
4
What is the thousands digit of 19779?
9
What is the tens digit of 12468?
6
What is the tens digit of 83534?
3
What is the thousands digit of 1885?
1
What is the tens digit of 44612?
1
What is the hundreds digit of 991?
9
What is the ten thousands digit of 136402?
3
What is the hundreds digit of 16602?
6
What is the thousands digit of 2934?
2
What is the tens digit of 24560?
6
What is the tens digit of 16254?
5
What is the thousands digit of 45800?
5
What is the units digit of 4016?
6
What is the hundreds digit of 447?
4
What is the thousands digit of 8791?
8
What is the units digit of 2541?
1
What is the thousands digit of 151173?
1
What is the thousands digit of 4268?
4
What is the tens digit of 24276?
7
What is the ten thousands digit of 90113?
9
What is the tens digit of 963?
6
What is the thousands digit of 22989?
2
What is the units digit of 8537?
7
What is the units digit of 4431?
1
What is the ten thousands digit of 26588?
2
What is the tens digit of 21763?
6
What is the hundreds digit of 12120?
1
What is the units digit of 3?
3
What is the tens digit of 708?
0
What is the units digit of 6120?
0
What is the units digit of 69628?
8
What is the tens digit of 93?
9
What is the units digit of 385?
5
What is the units digit of 3502?
2
What is the tens digit of 1690?
9
What is the hundreds digit of 4628?
6
What is the units digit of 38391?
1
What is the thousands digit of 26138?
6
What is the units digit of 170?
0
What is the units digit of 6176?
6
What is the hundreds digit of 82818?
8
What is the units digit of 109812?
2
What is the thousands digit of 8524?
8
What is the hundred thousands digit of 117674?
1
What is the ten thousands digit of 13399?
1
What is the tens digit of 8327?
2
What is the tens digit of 77987?
8
What is the units digit of 4519?
9
What is the tens digit of 1190?
9
What is the units digit of 925?
5
What is the hundreds digit of 1406?
4
What is the hundreds digit of 14054?
0
What is the units digit of 1373?
3
What is the tens digit of 1712?
1
What is the units digit of 2765?
5
What is the tens digit of 347?
4
What is the thousands digit of 1191?
1
What is the tens digit of 23468?
6
What is the thousands digit of 23905?
3
What is the tens digit of 57436?
3
What is the tens digit of 52024?
2
What is the units digit of 13348?
8
What is the hundreds digit of 21993?
9
What is the hundreds digit of 58844?
8
What is the tens digit of 726?
2
What is the thousands digit of 1137?
1
What is the tens digit of 4646?
4
What is the hundreds digit of 59263?
2
What is the tens digit of 13960?
6
What is the thousands digit of 14792?
4
What is the ten thousands digit of 69980?
6
What is the hundreds digit of 3218?
2
What is the hundreds digit of 734?
7
What is the thousands